{"id":159,"date":"2023-08-02T08:21:45","date_gmt":"2023-08-02T08:21:45","guid":{"rendered":"http:\/\/sw-themes.com\/porto_dummy\/shop45\/?page_id=159"},"modified":"2025-12-16T11:13:14","modified_gmt":"2025-12-16T11:13:14","slug":"home","status":"publish","type":"page","link":"https:\/\/mirnovec.rs\/","title":{"rendered":"Home"},"content":{"rendered":"\t\t<div data-elementor-type=\"wp-page\" data-elementor-id=\"159\" class=\"elementor elementor-159\">\n\t\t\t\t\t\t<section class=\"porto-full-no-gap elementor-section elementor-top-section elementor-element elementor-element-f07a43c elementor-section-full_width elementor-section-height-default elementor-section-height-default\" data-id=\"f07a43c\" data-element_type=\"section\" data-e-type=\"section\">\r\n\t\t\r\n\t\t\t\t\t\t\t<div class=\"elementor-container elementor-column-gap-no\">\r\n\t\t\t\t\t\t\t\t\t\t\t<div class=\"elementor-column elementor-col-100 elementor-top-column elementor-element elementor-element-9a07417 elementor-hidden-tablet elementor-hidden-mobile\" data-id=\"9a07417\" data-element_type=\"column\" data-e-type=\"column\" data-settings=\"{&quot;item_margin&quot;:0}\">\r\n\t\t\t\t\t<div class=\"porto-carousel owl-carousel has-ccols ccols-1 elementor-widget-wrap elementor-element-populated\" data-plugin-options=\"{&quot;margin&quot;:0,&quot;items&quot;:1,&quot;nav&quot;:false,&quot;dots&quot;:false,&quot;themeConfig&quot;:true,&quot;loop&quot;:false,&quot;mouseDrag&quot;:true,&quot;touchDrag&quot;:true,&quot;autoplay&quot;:false}\">\r\n\t\t\t\t\t\t\t\t<div class=\"elementor-element elementor-element-5680b16 elementor-widget elementor-widget-slider_revolution\" data-id=\"5680b16\" data-element_type=\"widget\" data-e-type=\"widget\" data-widget_type=\"slider_revolution.default\">\n\t\t\t\t<div class=\"elementor-widget-container\">\n\t\t\t\t\t\n\t\t<div class=\"wp-block-themepunch-revslider\">\n\t\t\t\t<p class=\"rs-p-wp-fix\"><\/p>\n\t\t\t\t<sr7-module data-alias=\"slider-3\" data-id=\"4\" id=\"SR7_4_1\" class=\"rs-ov-hidden\" data-version=\"6.7.41\">\n\t\t\t\t\t<sr7-adjuster><\/sr7-adjuster>\n\t\t\t\t\t<sr7-content>\n\t\t\t\t\t\t<sr7-slide id=\"SR7_4_1-10\" data-key=\"10\">\n\t\t\t\t\t\t\t<a id=\"SR7_4_1-10-1\" class=\"sr7-layer\" href=\"https:\/\/mirnovec.rs\/?page_id=3263\" target=\"_self\">Pogledaj vatromete<\/a>\n\t\t\t\t\t\t\t<sr7-txt id=\"SR7_4_1-10-8\" class=\"sr7-layer\">info@mirnovec.rs <\/br>\ntel: 022 610 690<\/sr7-txt>\n\t\t\t\t\t\t<\/sr7-slide>\n\t\t\t\t\t\t<sr7-slide id=\"SR7_4_1-11\" data-key=\"11\">\n\t\t\t\t\t\t<\/sr7-slide>\n\t\t\t\t\t<\/sr7-content>\n\t\t\t\t\t<image_lists style=\"display:none\">\n\t\t\t\t\t\t<img data-src=\"\/\/rainexperience.com\/wpmir\/wp-content\/uploads\/2024\/11\/mirnovec-logo-2.png\" data-libid=\"3376\" data-lib=\"medialibrary\" title=\"mirnovec-logo-2\" width=\"0\" height=\"0\" data-dbsrc=\"Ly9yYWluZXhwZXJpZW5jZS5jb20vd3BtaXIvd3AtY29udGVudC91cGxvYWRzLzIwMjQvMTEvbWlybm92ZWMtbG9nby0yLnBuZw==\"\/>\n\t\t\t\t\t<\/image_lists>\n\t\t\t\t<\/sr7-module>\n\t\t\t\t<script>\n\t\t\t\t\tSR7.PMH ??={}; SR7.PMH[\"SR7_4_1\"] = {cn:100,state:false,fn: function() { if (_tpt!==undefined && _tpt.prepareModuleHeight !== undefined) {  _tpt.prepareModuleHeight({id:\"SR7_4_1\",el:[750,750,768,960,720],type:'standard',shdw:'0',gh:[750,750,480,365,225],gw:[1600,1600,1024,778,480],vpt:['100px'],size:{fullWidth:false, fullHeight:false},mh:'0',onh:0,onw:0,bg:{color:'{\"orig\":\"transparent\",\"type\":\"solid\",\"string\":\"transparent\"}'}});   SR7.PMH[\"SR7_4_1\"].state=true;} else if(SR7.PMH[\"SR7_4_1\"].cn-->0)\tsetTimeout( SR7.PMH[\"SR7_4_1\"].fn,19);}};SR7.PMH[\"SR7_4_1\" ].fn();\n\t\t\t\t<\/script>\n<\/div>\n\n\t\t\t\t\t\t<\/div>\n\t\t\t\t<\/div>\n\t\t\t\t\t<\/div>\r\n\t\t\t\t<\/div>\r\n\t\t\t\t\t<\/div>\r\n\t\t\t\t<\/section>\r\n\t\t\t\t<section class=\"elementor-section elementor-top-section elementor-element elementor-element-0476a45 elementor-section-boxed elementor-section-height-default elementor-section-height-default\" data-id=\"0476a45\" data-element_type=\"section\" data-e-type=\"section\" data-settings=\"{&quot;background_background&quot;:&quot;classic&quot;}\">\r\n\t\t\r\n\t\t\t\t\t\t\t<div class=\"elementor-container elementor-column-gap-default\">\r\n\t\t\t\t\t\t\t\t\t\t\t<div class=\"elementor-column elementor-col-100 elementor-top-column elementor-element elementor-element-badf244\" data-id=\"badf244\" data-element_type=\"column\" data-e-type=\"column\">\r\n\t\t\t\t\t<div class=\"elementor-widget-wrap elementor-element-populated\">\r\n\t\t\t\t\t\t\t\t<div class=\"elementor-element elementor-element-86c97dd cs-product-category-slider elementor-widget elementor-widget-porto_posts_grid\" data-id=\"86c97dd\" data-element_type=\"widget\" data-e-type=\"widget\" data-settings=\"{&quot;_animation&quot;:&quot;none&quot;,&quot;spacing&quot;:{&quot;unit&quot;:&quot;px&quot;,&quot;size&quot;:&quot;&quot;,&quot;sizes&quot;:[]}}\" data-widget_type=\"porto_posts_grid.default\">\n\t\t\t\t<div class=\"elementor-widget-container\">\n\t\t\t\t\t<div class=\"porto-posts-grid porto-posts-grid-d751713988987e9331980363e24189ce porto-blogk0yf\"><style scope=\"scope\">.page-wrapper .porto-gb-72352b8620060bff6c40a480412f72f7{background-color:rgba(255,255,255,1);padding-top:0px;padding-bottom:0px;}.page-wrapper .porto-gb-08c0db6a421e2b57495855d60fbb3dc0{width:60px;}.page-wrapper .porto-gb-d910339169cbc78f47649b38cf27e024{border-style:solid;border-width:0px 0px 1px 0px;border-color:rgba(119,119,119,1);}.page-wrapper .porto-gb-d910339169cbc78f47649b38cf27e024,.porto-gb-d910339169cbc78f47649b38cf27e024 p{font-size:14px;font-weight:500;line-height:17px;text-align:center;color:#777777}.porto-gb-d910339169cbc78f47649b38cf27e024 a:hover,.porto-gb-d910339169cbc78f47649b38cf27e024 p a:hover{color:#222529}.cs-product-category { display: flex; position: relative; align-items: center; justify-content: center; flex-direction: column; max-height: calc(50vw + 50px); height: 220px; }\r\n.cs-product-category:hover {border: 2px solid #f00;}\r\n.cs-image { width: max-content !important; }\r\n.cs-category-title { position: absolute; bottom: 2%;  \/* transform: translateX(-50%);  left: 25%;  *\/}\r\n.cs-category-title:hover {color: #ff0000; background:#ccc;}\r\n\/*\r\n.porto-section:hover , .cs-image:hover, img-responsive:hover {background: #ccc;}*\/<\/style><div class=\"posts-wrap posts-container has-ccols ccols-sm-4 ccols-2 has-ccols-spacing\" style=\"\"><div class=\"porto-tb-item product_cat-76\"><div class=\"porto-section cs-product-category porto-gb-72352b8620060bff6c40a480412f72f7\">\n\n\n<h3 class=\"porto-heading cs-category-title mb-0 porto-gb-d910339169cbc78f47649b38cf27e024\" style=\"\"><a aria-label=\"Taxonomy Title\" href=\"https:\/\/mirnovec.rs\/?product_cat=vatrometi\">Vatrometi<\/a><\/h3>\n<\/div><\/div><div class=\"porto-tb-item product_cat-75\"><div class=\"porto-section cs-product-category porto-gb-72352b8620060bff6c40a480412f72f7\">\n\n\n<h3 class=\"porto-heading cs-category-title mb-0 porto-gb-d910339169cbc78f47649b38cf27e024\" style=\"\"><a aria-label=\"Taxonomy Title\" href=\"https:\/\/mirnovec.rs\/?product_cat=sitna-pirotehnika\">Sitna pirotehnika<\/a><\/h3>\n<\/div><\/div><div class=\"porto-tb-item product_cat-55\"><div class=\"porto-section cs-product-category porto-gb-72352b8620060bff6c40a480412f72f7\">\n\n\n<h3 class=\"porto-heading cs-category-title mb-0 porto-gb-d910339169cbc78f47649b38cf27e024\" style=\"\"><a aria-label=\"Taxonomy Title\" href=\"https:\/\/mirnovec.rs\/?product_cat=rimske-svece\">Rimske sve\u0107e<\/a><\/h3>\n<\/div><\/div><div class=\"porto-tb-item product_cat-46\"><div class=\"porto-section cs-product-category porto-gb-72352b8620060bff6c40a480412f72f7\">\n\n\n<h3 class=\"porto-heading cs-category-title mb-0 porto-gb-d910339169cbc78f47649b38cf27e024\" style=\"\"><a aria-label=\"Taxonomy Title\" href=\"https:\/\/mirnovec.rs\/?product_cat=redenici\">Redenici<\/a><\/h3>\n<\/div><\/div><div class=\"porto-tb-item product_cat-48\"><div class=\"porto-section cs-product-category porto-gb-72352b8620060bff6c40a480412f72f7\">\n\n\n<h3 class=\"porto-heading cs-category-title mb-0 porto-gb-d910339169cbc78f47649b38cf27e024\" style=\"\"><a aria-label=\"Taxonomy Title\" href=\"https:\/\/mirnovec.rs\/?product_cat=rakete\">Rakete<\/a><\/h3>\n<\/div><\/div><div class=\"porto-tb-item product_cat-44\"><div class=\"porto-section cs-product-category porto-gb-72352b8620060bff6c40a480412f72f7\">\n\n\n<h3 class=\"porto-heading cs-category-title mb-0 porto-gb-d910339169cbc78f47649b38cf27e024\" style=\"\"><a aria-label=\"Taxonomy Title\" href=\"https:\/\/mirnovec.rs\/?product_cat=petarde-i-redenici\">Petarde i redenici<\/a><\/h3>\n<\/div><\/div><div class=\"porto-tb-item product_cat-74\"><div class=\"porto-section cs-product-category porto-gb-72352b8620060bff6c40a480412f72f7\">\n\n\n<h3 class=\"porto-heading cs-category-title mb-0 porto-gb-d910339169cbc78f47649b38cf27e024\" style=\"\"><a aria-label=\"Taxonomy Title\" href=\"https:\/\/mirnovec.rs\/?product_cat=party\">Party<\/a><\/h3>\n<\/div><\/div><div class=\"porto-tb-item product_cat-56\"><div class=\"porto-section cs-product-category porto-gb-72352b8620060bff6c40a480412f72f7\">\n\n\n<h3 class=\"porto-heading cs-category-title mb-0 porto-gb-d910339169cbc78f47649b38cf27e024\" style=\"\"><a aria-label=\"Taxonomy Title\" href=\"https:\/\/mirnovec.rs\/?product_cat=fontane-i-vulkani\">Fontane i vulkani<\/a><\/h3>\n<\/div><\/div><div class=\"porto-tb-item product_cat-72\"><div class=\"porto-section cs-product-category porto-gb-72352b8620060bff6c40a480412f72f7\">\n\n\n<h3 class=\"porto-heading cs-category-title mb-0 porto-gb-d910339169cbc78f47649b38cf27e024\" style=\"\"><a aria-label=\"Taxonomy Title\" href=\"https:\/\/mirnovec.rs\/?product_cat=dimovi\">Dimovi<\/a><\/h3>\n<\/div><\/div><div class=\"porto-tb-item product_cat-73\"><div class=\"porto-section cs-product-category porto-gb-72352b8620060bff6c40a480412f72f7\">\n\n\n<h3 class=\"porto-heading cs-category-title mb-0 porto-gb-d910339169cbc78f47649b38cf27e024\" style=\"\"><a aria-label=\"Taxonomy Title\" href=\"https:\/\/mirnovec.rs\/?product_cat=baklje-i-strobovi\">Baklje i strobovi<\/a><\/h3>\n<\/div><\/div><\/div><\/div>\t\t\t\t<\/div>\n\t\t\t\t<\/div>\n\t\t\t\t\t<\/div>\r\n\t\t\t\t<\/div>\r\n\t\t\t\t\t<\/div>\r\n\t\t\t\t<\/section>\r\n\t\t\t\t<section class=\"elementor-section elementor-top-section elementor-element elementor-element-53e835e elementor-section-boxed elementor-section-height-default elementor-section-height-default\" data-id=\"53e835e\" data-element_type=\"section\" data-e-type=\"section\" data-settings=\"{&quot;background_background&quot;:&quot;classic&quot;}\">\r\n\t\t\r\n\t\t\t\t\t\t\t<div class=\"elementor-container elementor-column-gap-wider\">\r\n\t\t\t\t\t\t\t\t\t\t\t<div class=\"elementor-column elementor-col-50 elementor-top-column elementor-element elementor-element-663585b\" data-id=\"663585b\" data-element_type=\"column\" data-e-type=\"column\">\r\n\t\t\t\t\t<div class=\"elementor-widget-wrap elementor-element-populated\">\r\n\t\t\t\t\t\t\t\t<div class=\"elementor-element elementor-element-caf7822 elementor-widget elementor-widget-image\" data-id=\"caf7822\" data-element_type=\"widget\" data-e-type=\"widget\" data-widget_type=\"image.default\">\n\t\t\t\t<div class=\"elementor-widget-container\">\n\t\t\t\t\t\t\t\t\t\t\t\t\t\t\t<img fetchpriority=\"high\" decoding=\"async\" width=\"768\" height=\"512\" src=\"https:\/\/mirnovec.rs\/wp-content\/uploads\/2024\/06\/vatromet10.jpg\" class=\"attachment-medium_large size-medium_large wp-image-2704\" alt=\"\" \/>\t\t\t\t\t\t\t\t\t\t\t\t\t\t\t<\/div>\n\t\t\t\t<\/div>\n\t\t\t\t\t<\/div>\r\n\t\t\t\t<\/div>\r\n\t\t\t\t<div class=\"elementor-column elementor-col-50 elementor-top-column elementor-element elementor-element-f0ea872\" data-id=\"f0ea872\" data-element_type=\"column\" data-e-type=\"column\">\r\n\t\t\t\t\t<div class=\"elementor-widget-wrap elementor-element-populated\">\r\n\t\t\t\t\t\t\t\t<div class=\"elementor-element elementor-element-e71d09b elementor-widget elementor-widget-porto_ultimate_heading\" data-id=\"e71d09b\" data-element_type=\"widget\" data-e-type=\"widget\" data-widget_type=\"porto_ultimate_heading.default\">\n\t\t\t\t<div class=\"elementor-widget-container\">\n\t\t\t\t\t<div class=\"porto-u-heading  porto-u-55ca8359258f9a412be7e73af65d2aac\"><div class=\"porto-u-main-heading\"><h2   >Mirnovec pirotehnika<\/h2><\/div><style>.porto-u-55ca8359258f9a412be7e73af65d2aac.porto-u-heading{text-align:center}<\/style><\/div>\t\t\t\t<\/div>\n\t\t\t\t<\/div>\n\t\t\t\t<div class=\"elementor-element elementor-element-9621168 elementor-widget elementor-widget-text-editor\" data-id=\"9621168\" data-element_type=\"widget\" data-e-type=\"widget\" data-widget_type=\"text-editor.default\">\n\t\t\t\t<div class=\"elementor-widget-container\">\n\t\t\t\t\t\t\t\t\tMirnovec Pirotehnika je preduze\u0107e koje je osnovano 1993. godine, a svojim uspe\u0161nim radom DANAS je sinonim za vatromete i zabavnu pirotehniku u ovom delu Evrope.\n\nPioniri smo pirotehni\u010dkog biznisa u ovom delu Evrope i ponosni smo \u0161to smo postali regionalni lider za zabavnu pirotehniku. Na\u0161 se izvoz u zemlje isto\u010dne Evrope meri u stotinama tona, a na\u0161i su artikli postal prepoznatljivi brendovi.\n\nDanas mo\u017eemo da se pohvalimo da je iza nas vi\u0161e od 6000 vatrometa i poslova sa specijalnim efektima. \u010cesto smo bili u\u010desnici velikih evropskih i svetskih festivala vatrometa (Nema\u010dka, Italija, Rusija, Engleska) \u0161to u potpunosti opravdava slogan na\u0161ih piro dizajnera \u201cGospodari paljenja neba\u201d.\t\t\t\t\t\t\t\t<\/div>\n\t\t\t\t<\/div>\n\t\t\t\t<div class=\"elementor-element elementor-element-15cd47f elementor-widget elementor-widget-porto_button\" data-id=\"15cd47f\" data-element_type=\"widget\" data-e-type=\"widget\" data-settings=\"{&quot;align&quot;:&quot;center&quot;}\" data-widget_type=\"porto_button.default\">\n\t\t\t\t<div class=\"elementor-widget-container\">\n\t\t\t\t\t<a class=\"btn btn-md btn-primary btn-modern btn-icon\" href=\"https:\/\/rainexperience.com\/wpmir\/elementor-2731\/\"><i class=\"Simple-Line-Icons-info\"><\/i><span >Vi\u0161e...<\/span><\/a>\t\t\t\t<\/div>\n\t\t\t\t<\/div>\n\t\t\t\t\t<\/div>\r\n\t\t\t\t<\/div>\r\n\t\t\t\t\t<\/div>\r\n\t\t\t\t<\/section>\r\n\t\t\t\t<\/div>\n\t\t","protected":false},"excerpt":{"rendered":"<p>Vatrometi Sitna pirotehnika Rimske sve\u0107e Redenici Rakete Petarde i redenici Party Fontane i vulkani Dimovi Baklje i strobovi Mirnovec pirotehnika Mirnovec Pirotehnika je preduze\u0107e koje je osnovano 1993. godine, a svojim uspe\u0161nim radom DANAS je sinonim za vatromete i zabavnu pirotehniku u ovom delu Evrope. Pioniri smo pirotehni\u010dkog biznisa u ovom delu Evrope i ponosni [&hellip;]<\/p>\n","protected":false},"author":1,"featured_media":0,"parent":0,"menu_order":0,"comment_status":"closed","ping_status":"closed","template":"","meta":{"footnotes":""},"class_list":["post-159","page","type-page","status-publish","hentry"],"_links":{"self":[{"href":"https:\/\/mirnovec.rs\/index.php?rest_route=\/wp\/v2\/pages\/159","targetHints":{"allow":["GET"]}}],"collection":[{"href":"https:\/\/mirnovec.rs\/index.php?rest_route=\/wp\/v2\/pages"}],"about":[{"href":"https:\/\/mirnovec.rs\/index.php?rest_route=\/wp\/v2\/types\/page"}],"author":[{"embeddable":true,"href":"https:\/\/mirnovec.rs\/index.php?rest_route=\/wp\/v2\/users\/1"}],"replies":[{"embeddable":true,"href":"https:\/\/mirnovec.rs\/index.php?rest_route=%2Fwp%2Fv2%2Fcomments&post=159"}],"version-history":[{"count":168,"href":"https:\/\/mirnovec.rs\/index.php?rest_route=\/wp\/v2\/pages\/159\/revisions"}],"predecessor-version":[{"id":5637,"href":"https:\/\/mirnovec.rs\/index.php?rest_route=\/wp\/v2\/pages\/159\/revisions\/5637"}],"wp:attachment":[{"href":"https:\/\/mirnovec.rs\/index.php?rest_route=%2Fwp%2Fv2%2Fmedia&parent=159"}],"curies":[{"name":"wp","href":"https:\/\/api.w.org\/{rel}","templated":true}]}}